4?
False
Is 395 a factor of 906476369?
False
Does 89 divide 10434627?
True
Is 9049462 a multiple of 2?
True
Is 76 a factor of 216296?
True
Does 3937 divide 842985668?
False
Is 459 a factor of 49798214?
False
Is 1167964140 a multiple of 420?
True
Does 50 divide 795350?
True
Is 24 a factor of 46015296?
True
Does 79 divide 36101322?
False
Does 7 divide 5242301?
False
Is 6 a factor of 1070494854?
True
Is 13142486 a multiple of 23?
False
Is 2 a factor of 3670982?
True
Is 160 a factor of 2583122880?
True
Does 204 divide 23462897?
False
Is 42396300 a multiple of 30?
True
Is 22942063 a multiple of 23?
True
Is 3362 a factor of 138820342?
True
Is 1220 a factor of 2610549?
False
Does 215 divide 611992?
False
Is 115752957 a multiple of 18?
False
Is 18724860 a multiple of 396?
True
Does 19 divide 126179134?
False
Is 872953122 a multiple of 1105?
False
Is 65909810 a multiple of 24?
False
Is 2749 a factor of 636310662?
False
Is 2651445 even?
False
Is 122577102 a multiple of 352?
False
Is 188566179 a multiple of 54?
False
Does 1432 divide 29172390?
False
Is 14 a factor of 251410600?
True
Does 13 divide 792059749?
True
Is 772 a factor of 1001204689?
False
Is 129129478 a multiple of 2136?
False
Is 1102120546 a multiple of 2597?
False
Is 161319652 a multiple of 13?
True
Is 182018160 a multiple of 60?
True
Is 946 a factor of 176954294?
False
Does 3179 divide 2280898464?
False
Is 1227 a factor of 7496791?
False
Does 224 divide 1545038432?
True
Does 127 divide 209126049?
False
Is 97166393 a multiple of 569?
False
Is 6051910 a multiple of 10?
True
Is 75 a factor of 2486170800?
True
Is 32 a factor of 5642754?
False
Is 281 a factor of 92513597?
False
Does 129 divide 627733737?
True
Does 1240 divide 56413813?
False
Is 169448901 a multiple of 4?
False
Is 2 a factor of 10417961?
False
Is 19 a factor of 4833562?
True
Is 3432 a factor of 2866687824?
True
Is 4 a factor of 90459832?
True
Is 59178367 a multiple of 2698?
False
Does 5 divide 185800784?
False
Is 3856899 a multiple of 33?
False
Does 5969 divide 2326125269?
True
Is 60 a factor of 716222520?
True
Does 505 divide 32773995?
True
Does 2 divide 14386142?
True
Does 1225 divide 11756146?
False
Does 3649 divide 2254042035?
True
Does 385 divide 25382665?
True
Is 22753164 a multiple of 322?
True
Is 114892871 a multiple of 58?
False
Does 415 divide 295065?
True
Is 812 a factor of 1171599072?
True
Does 50 divide 33815750?
True
Does 158 divide 56912548?
True
Is 8 a factor of 240881344?
True
Is 61579305 a multiple of 1047?
True
Does 694 divide 402686?
False
Does 5 divide 41946960?
True
Is 187269950 a multiple of 2590?
True
Is 73880968 a multiple of 76?
True
Is 2784095965 a multiple of 2801?
True
Is 1302 a factor of 72574782?
True
Does 5 divide 42217885?
True
Is 13 a factor of 10216986?
True
Does 1607 divide 1504510361?
True
Does 142 divide 73071749?
False
Does 34 divide 2470192922?
True
Does 76 divide 114247786?
False
Is 235 a factor of 1383217148?
False
Is 1107085 a multiple of 47?
True
Is 27840369 a multiple of 8?
False
Is 134 a factor of 4066233082?
True
Is 1353736960 a multiple of 80?
True
Does 376 divide 91009296?
True
Is 637 a factor of 741350667?
False
Is 19 a factor of 351902226?
False
Is 3966519 a multiple of 12?
False
Is 2510214812 a multiple of 18?
False
Is 90891155 even?
False
Is 400405256 a multiple of 826?
False
Is 1984666893 a multiple of 5756?
False
Is 76246596 a multiple of 47?
True
Does 4 divide 39125800?
True
Is 204386738 a multiple of 274?
True
Does 71 divide 351235622?
False
Is 68893231 a multiple of 613?
True
Is 592763055 a multiple of 85?
True
Is 444 a factor of 22243328?
False
Does 42 divide 27250776?
True
Is 123 a factor of 202165998?
True
Does 127 divide 45817885?
False
Does 2 divide 3012723?
False
Does 610 divide 27251138?
False
Is 5 a factor of 25200055?
True
Is 487 a factor of 59795808?
True
Is 17948965 a multiple of 36?
False
Is 12 a factor of 78376303?
False
Does 39 divide 375734816?
False
Is 405 a factor of 16389737?
False
Does 115 divide 316822700?
True
Is 617 a factor of 228394607?
False
Is 2805 a factor of 5477180587?
False
Is 464000 a multiple of 29?
True
Is 51390277 a multiple of 40?
False
Is 646 a factor of 120268772?
False
Is 75 a factor of 418479736?
False
Does 748 divide 728876856?
False
Is 14 a factor of 4124092?
True
Is 3 a factor of 189323367?
True
Is 294 a factor of 8807652?
True
Is 11 a factor of 10449443?
False
Is 1173260107 a multiple of 2?
False
Is 20 a factor of 5274620?
True
Is 2105294034 a multiple of 274?
False
Is 1394 a factor of 31330150?
True
Does 30 divide 133861801?
False
Does 27 divide 23417373?
False
Is 44 a factor of 7705972?
False
Is 748673873 a multiple of 6?
False
Is 21 a factor of 8106966?
True
Is 31713712 a multiple of 71?
True
Does 273 divide 93485291?
False
Does 35 divide 1425607509?
False
Is 507 a factor of 123470217?
True
Does 20 divide 76154264?
False
Does 4 divide 31317148?
True
Does 4480 divide 377126400?
True
Is 24087900 a multiple of 20?
True
Does 13045 divide 4891235795?
True
Is 1405866088 a multiple of 2299?
True
Does 83 divide 1270788349?
True
Is 147723744 a multiple of 1876?
True
Is 43 a factor of 115031708?
True
Does 21 divide 118702710?
True
Is 72 a factor of 480201624?
True
Is 91 a factor of 18468177?
True
Is 275 a factor of 135420725?
True
Is 69 a factor of 197437555?
False
Is 3 a factor of 63037923?
True
Is 8 a factor of 210065712?
True
Does 11 divide 227879278?
True
Is 70 a factor of 14400505?
False
Does 5 divide 191292115?
True
Does 274 divide 2005495598?
True
Is 520810748 a multiple of 6?
False
Does 4726 divide 2901546604?
True
Is 85 a factor of 797853873?
False
Is 614380761 a multiple of 207?
True
Is 451822413 a multiple of 87?
False
Does 29 divide 60387570?
True
Is 1789 a factor of 19489982?
False
Is 67 a factor of 21161012?
True
Is 1842165991 a multiple of 396?
False
Is 9068218 a multiple of 200?
False
Does 10 divide 63464058?
False
Is 33 a factor of 13655004?
True
Is 26180220 a multiple of 165?
True
Is 8006552 a multiple of 1122?
False
Is 2238200 a multiple of 722?
True
Is 16097085 a multiple of 195?
False
Does 43 divide 16554423?
False
Does 14 divide 23514848?
True
Does 42 divide 2740534477?
False
Does 181 divide 61964807?
True
Is 860151600 a multiple of 2247?
True
Is 1045371754 a multiple of 266?
True
Does 448 divide 76071296?
True
Is 2414 a factor of 36771815?
False
Does 46 divide 395623966?
True
Does 115 divide 110642214?
False
Is 2 a factor of 38608815?
False
Is 134974401 a multiple of 107?
True
Is 782648762 a multiple of 43?
True
Does 14 divide 2836024719?
False
Is 296 a factor of 72763705?
False
Is 22051432 a multiple of 52?
True
Does 92 divide 496706160?
True
Is 5301978 a multiple of 33?
True
Is 135 a factor of 36469170?
True
Is 127 a factor of 19246342?
True
Does 2468 divide 1085488100?
True
Is 176 a factor of 28980160?
True
Does 754 divide 427268325?
False
Does 8 divide 241646072?
True
Is 170840041 a multiple of 2546?
False
Is 6 a factor of 114385251?
False
Does 4 divide 232845578?
False
Is 517 a factor of 10613551?
False
Is 98 a factor of 45338676?
False
Is 579436558 a multiple of 3227?
False
Is 70475256 a multiple of 4?
True
Does 554 divide 717223052?
False
Is 22354812 a multiple of 418?
False
Is 130684362 a multiple of 61?
False
Is 1731 a factor of 83821944?
True
Does 87 divide 1600665150?
True
Is 174629980 a multiple of 396?
False
Does 26 divide 2403952824?
True
Does 1899 divide 1927786948?
False
Is 16531121 a multiple of 5?
False
Is 5943 a factor of 413664844?
False
Is 12 a factor of 147577223?
False
Does 775 divide 13327704?
False
Is 185786168 a multiple of 584?
True
Does 4 divide 2400820961?
False
Does 19 divide 23629463?
False
Does 316 divide 16291012?
False
Does 2494 divide 194619290?
True
Is 4801 a factor of 852921655?
True
Is 72892564 a multiple of 23?
False
Is 88891372 a multiple of 1283?
True
Does 3 divide 7353084?
True
Does 9 divide 44873039?
False
Does 34 divide 75999724?
True
Is 247199860 a multiple of 10?
True
Does 16 divide 1411908192?
True
Is 5236 a factor of 237520668?
True
Is 62 a factor of 13132406?
True
Is 667 a factor of 9785557?
True
Does 210 divide 880743360?
True
Does 83 divide 3139170805?
True
Does 10 divide 1118710?
True
Is 187 a factor of 579222978?
False
Does 694 divide 14039200?
False
Is 4558